{"id":120,"date":"2022-03-13T10:49:38","date_gmt":"2022-03-13T10:49:38","guid":{"rendered":"https:\/\/diverocio.es\/?page_id=120"},"modified":"2022-03-13T11:07:34","modified_gmt":"2022-03-13T11:07:34","slug":"contacto","status":"publish","type":"page","link":"https:\/\/diverocio.es\/?page_id=120","title":{"rendered":"Contacto"},"content":{"rendered":"<div data-colibri-id=\"120-c1\" class=\"style-509 style-local-120-c1 position-relative\">\n  <!---->\n  <div data-colibri-component=\"section\" data-colibri-id=\"120-c2\" id=\"contact\" class=\"h-section h-section-global-spacing d-flex align-items-lg-center align-items-md-center align-items-center style-510 style-local-120-c2 position-relative\">\n    <div class=\"background-wrapper\">\n      <div class=\"background-layer background-layer-media-container-lg\">\n        <!---->\n        <div class=\"overlay-layer\">\n          <div class=\"overlay-image-layer\" style=\"background-color: rgb(23, 37, 42); opacity: 0.5;\"><\/div>\n        <\/div>\n      <\/div>\n      <div class=\"background-layer background-layer-media-container-md\">\n        <!---->\n        <div class=\"overlay-layer\">\n          <div class=\"overlay-image-layer\" style=\"background-color: rgb(23, 37, 42); opacity: 0.5;\"><\/div>\n        <\/div>\n      <\/div>\n      <div class=\"background-layer background-layer-media-container\">\n        <!---->\n        <div class=\"overlay-layer\">\n          <div class=\"overlay-image-layer\" style=\"background-color: rgb(23, 37, 42); opacity: 0.5;\"><\/div>\n        <\/div>\n      <\/div>\n    <\/div>\n    <!---->\n    <div class=\"h-section-grid-container h-section-fluid-container\">\n      <!---->\n      <div data-colibri-id=\"120-c3\" class=\"h-row-container gutters-row-lg-2 gutters-row-md-2 gutters-row-2 gutters-row-v-lg-2 gutters-row-v-md-2 gutters-row-v-2 style-511 style-local-120-c3 position-relative\">\n        <!---->\n        <div class=\"h-row justify-content-lg-center justify-content-md-center justify-content-center align-items-lg-center align-items-md-center align-items-center gutters-col-lg-2 gutters-col-md-2 gutters-col-2 gutters-col-v-lg-2 gutters-col-v-md-2 gutters-col-v-2\">\n          <!---->\n          <div class=\"h-column h-column-container d-flex h-col-lg-auto h-col-md-auto h-col-auto align-self-lg-center align-self-md-center align-self-center style-512-outer style-local-120-c4-outer\">\n            <div data-colibri-id=\"120-c4\" class=\"d-flex h-flex-basis h-column__inner h-px-lg-0 h-px-md-0 h-px-0 v-inner-lg-0 v-inner-md-0 v-inner-0 style-512 style-local-120-c4 position-relative\">\n              <!---->\n              <!---->\n              <div class=\"w-100 h-y-container h-column__content h-column__v-align flex-basis-100 align-self-lg-start align-self-md-start align-self-start\">\n                <!---->\n                <div data-colibri-id=\"120-c5\" class=\"h-row-container gutters-row-lg-0 gutters-row-md-0 gutters-row-0 gutters-row-v-lg-0 gutters-row-v-md-0 gutters-row-v-0 style-513 style-local-120-c5 position-relative\">\n                  <!---->\n                  <div class=\"h-row justify-content-lg-center justify-content-md-center justify-content-center align-items-lg-stretch align-items-md-stretch align-items-stretch gutters-col-lg-0 gutters-col-md-0 gutters-col-0 gutters-col-v-lg-0 gutters-col-v-md-0 gutters-col-v-0\">\n                    <!---->\n                    <div class=\"h-column h-column-container d-flex h-col-lg-auto h-col-md-auto h-col-auto style-514-outer style-local-120-c6-outer\">\n                      <div data-colibri-id=\"120-c6\" class=\"d-flex h-flex-basis h-column__inner h-px-lg-0 h-px-md-0 h-px-0 v-inner-lg-0 v-inner-md-0 v-inner-0 style-514 style-local-120-c6 position-relative\">\n                        <!---->\n                        <!---->\n                        <div class=\"w-100 h-y-container h-column__content h-column__v-align flex-basis-100 align-self-lg-center align-self-md-center align-self-center\">\n                          <!---->\n                          <div data-colibri-id=\"120-c7\" class=\"h-global-transition-all h-heading style-515 style-local-120-c7 position-relative h-element\">\n                            <!---->\n                            <div class=\"h-heading__outer style-515 style-local-120-c7\">\n                              <!---->\n                              <!---->\n                              <h4 class=\"\">Contacto<\/h4>\n                            <\/div>\n                          <\/div>\n                          <div data-colibri-id=\"120-c8\" class=\"h-icon style-516 style-local-120-c8 position-relative h-element\">\n                            <!----><span class=\"h-svg-icon h-icon__icon style-516-icon style-local-120-c8-icon\"><!--Icon by Font Awesome (https:\/\/fontawesome.com)--><svg version=\"1.1\" xmlns=\"http:\/\/www.w3.org\/2000\/svg\" xmlns:xlink=\"http:\/\/www.w3.org\/1999\/xlink\" id=\"volume-control-phone\" viewBox=\"0 0 1408 1896.0833\"><path d=\"M617 1689q0-11-13-58t-31-107-20-69q-1-4-5-26.5t-8.5-36T526 1371q-15-14-51-14-23 0-70 5.5t-71 5.5q-34 0-47-11-6-5-11-15.5t-7.5-20-6.5-24-5-18.5q-37-128-37-255t37-255q1-4 5-18.5t6.5-24 7.5-20 11-15.5q13-11 47-11 24 0 71 5.5t70 5.5q36 0 51-14 9-8 13.5-21.5t8.5-36 5-26.5q2-9 20-69t31-107 13-58q0-22-43.5-52.5T498 264q-20-8-45-8-34 0-98 18-57 17-96.5 40.5t-71 66-46 70T96 545q-6 12-9 19-49 107-68 216T0 1024t19 244 68 216q56 122 83 161 63 91 179 127l6 2q64 18 98 18 25 0 45-8 32-12 75.5-42.5T617 1689zm159-913q-26 0-45-19t-19-45.5 19-45.5q37-37 37-90 0-52-37-91-19-19-19-45t19-45 45-19 45 19q75 75 75 181t-75 181q-21 19-45 19zm181 181q-27 0-45-19-19-19-19-45t19-45q112-114 112-272T912 304q-19-19-19-45t19-45 45-19 45 19q150 150 150 362t-150 362q-18 19-45 19zm181 181q-27 0-45-19-19-19-19-45t19-45q90-91 138.5-208t48.5-245-48.5-245T1093 123q-19-19-19-45t19-45 45-19 45 19q109 109 167 249t58 294-58 294-167 249q-18 19-45 19z\"><\/path><\/svg><\/span><\/div>\n                          <div\n                            data-colibri-id=\"120-c9\" class=\"h-global-transition-all h-heading style-517 style-local-120-c9 position-relative h-element\">\n                            <!---->\n                            <div class=\"h-heading__outer style-517 style-local-120-c9\">\n                              <!---->\n                              <!---->\n                              <h5 class=\"\">Fran Carrillo Segarra\n                                <br>686 784 352\n                                <br>contacto@diverocio.es\n                                <br>Hern\u00e1n Cort\u00e9s, 28 23330 Villanueva Del Arzobispo (Ja\u00e9n)<\/h5>\n                            <\/div>\n                        <\/div>\n                        <div data-colibri-id=\"120-c10\" class=\"style-518 style-local-120-c10 position-relative h-element\">\n                          <!---->\n                          <div class=\"d-flex flex-wrap h-social-icons justify-content-lg-center justify-content-md-center justify-content-center\">\n                            <div class=\"social-icon-container d-inline-flex\">\n                              <div class=\"icon-container h-social-icon h-global-transition\">\n                                <div class=\"h-icon-svg\" style=\"width: 100%; height: 100%;\">\n                                  <!--Icon by Font Awesome (https:\/\/fontawesome.com)-->\n                                  <svg version=\"1.1\" xmlns=\"http:\/\/www.w3.org\/2000\/svg\" xmlns:xlink=\"http:\/\/www.w3.org\/1999\/xlink\" id=\"facebook-square\" viewBox=\"0 0 1536 1896.0833\">\n                                    <path d=\"M1248 128q119 0 203.5 84.5T1536 416v960q0 119-84.5 203.5T1248 1664h-188v-595h199l30-232h-229V689q0-56 23.5-84t91.5-28l122-1V369q-63-9-178-9-136 0-217.5 80T820 666v171H620v232h200v595H288q-119 0-203.5-84.5T0 1376V416q0-119 84.5-203.5T288 128h960z\"><\/path>\n                                  <\/svg>\n                                <\/div>\n                              <\/div>\n                            <\/div>\n                            <div class=\"social-icon-container d-inline-flex\">\n                              <div class=\"icon-container h-social-icon h-global-transition\">\n                                <div class=\"h-icon-svg\" style=\"width: 100%; height: 100%;\">\n                                  <!--Icon by Font Awesome (https:\/\/fontawesome.com)-->\n                                  <svg version=\"1.1\" xmlns=\"http:\/\/www.w3.org\/2000\/svg\" xmlns:xlink=\"http:\/\/www.w3.org\/1999\/xlink\" id=\"twitter-square\" viewBox=\"0 0 1536 1896.0833\">\n                                    <path d=\"M1280 610q-56 25-121 34 68-40 93-117-65 38-134 51-61-66-153-66-87 0-148.5 61.5T755 722q0 29 5 48-129-7-242-65T326 550q-29 50-29 106 0 114 91 175-47-1-100-26v2q0 75 50 133.5t123 72.5q-29 8-51 8-13 0-39-4 21 63 74.5 104t121.5 42q-116 90-261 90-26 0-50-3 148 94 322 94 112 0 210-35.5t168-95 120.5-137 75-162T1176 746q0-18-1-27 63-45 105-109zm256-194v960q0 119-84.5 203.5T1248 1664H288q-119 0-203.5-84.5T0 1376V416q0-119 84.5-203.5T288 128h960q119 0 203.5 84.5T1536 416z\"><\/path>\n                                  <\/svg>\n                                <\/div>\n                              <\/div>\n                            <\/div>\n                            <div class=\"social-icon-container d-inline-flex\">\n                              <div class=\"icon-container h-social-icon h-global-transition\">\n                                <div class=\"h-icon-svg\" style=\"width: 100%; height: 100%;\">\n                                  <!--Icon by Font Awesome (https:\/\/fontawesome.com)-->\n                                  <svg version=\"1.1\" xmlns=\"http:\/\/www.w3.org\/2000\/svg\" xmlns:xlink=\"http:\/\/www.w3.org\/1999\/xlink\" id=\"youtube-square\" viewBox=\"0 0 1536 1896.0833\">\n                                    <path d=\"M919 1303v-157q0-50-29-50-17 0-33 16v224q16 16 33 16 29 0 29-49zm184-122h66v-34q0-51-33-51t-33 51v34zM532 915v70h-80v423h-74V985h-78v-70h232zm201 126v367h-67v-40q-39 45-76 45-33 0-42-28-6-17-6-54v-290h66v270q0 24 1 26 1 15 15 15 20 0 42-31v-280h67zm252 111v146q0 52-7 73-12 42-53 42-35 0-68-41v36h-67V915h67v161q32-40 68-40 41 0 53 42 7 21 7 74zm251 129v9q0 29-2 43-3 22-15 40-27 40-80 40-52 0-81-38-21-27-21-86v-129q0-59 20-86 29-38 80-38t78 38q21 29 21 86v76h-133v65q0 51 34 51 24 0 30-26 0-1 .5-7t.5-16.5V1281h68zM785 457v156q0 51-32 51t-32-51V457q0-52 32-52t32 52zm533 713q0-177-19-260-10-44-43-73.5t-76-34.5q-136-15-412-15-275 0-411 15-44 5-76.5 34.5T238 910q-20 87-20 260 0 176 20 260 10 43 42.5 73t75.5 35q137 15 412 15t412-15q43-5 75.5-35t42.5-73q20-84 20-260zM563 519l90-296h-75l-51 195-53-195h-78q7 23 23 69l24 69q35 103 46 158v201h74V519zm289 81V470q0-58-21-87-29-38-78-38-51 0-78 38-21 29-21 87v130q0 58 21 87 27 38 78 38 49 0 78-38 21-27 21-87zm181 120h67V350h-67v283q-22 31-42 31-15 0-16-16-1-2-1-26V350h-67v293q0 37 6 55 11 27 43 27 36 0 77-45v40zm503-304v960q0 119-84.5 203.5T1248 1664H288q-119 0-203.5-84.5T0 1376V416q0-119 84.5-203.5T288 128h960q119 0 203.5 84.5T1536 416z\"><\/path>\n                                  <\/svg>\n                                <\/div>\n                              <\/div>\n                            <\/div>\n                            <div class=\"social-icon-container d-inline-flex\">\n                              <div class=\"icon-container h-social-icon h-global-transition\">\n                                <div class=\"h-icon-svg\" style=\"width: 100%; height: 100%;\">\n                                  <!--Icon by Font Awesome (https:\/\/fontawesome.com)-->\n                                  <svg version=\"1.1\" xmlns=\"http:\/\/www.w3.org\/2000\/svg\" xmlns:xlink=\"http:\/\/www.w3.org\/1999\/xlink\" id=\"vimeo-square\" viewBox=\"0 0 1536 1896.0833\">\n                                    <path d=\"M1292 638q10-216-161-222-231-8-312 261 44-19 82-19 85 0 74 96-4 57-74 167t-105 110q-43 0-82-169-13-54-45-255-30-189-160-177-59 7-164 100l-81 72-81 72 52 67q76-52 87-52 57 0 107 179 15 55 45 164.5t45 164.5q68 179 164 179 157 0 383-294 220-283 226-444zm244-222v960q0 119-84.5 203.5T1248 1664H288q-119 0-203.5-84.5T0 1376V416q0-119 84.5-203.5T288 128h960q119 0 203.5 84.5T1536 416z\"><\/path>\n                                  <\/svg>\n                                <\/div>\n                              <\/div>\n                            <\/div>\n                          <\/div>\n                        <\/div>\n                      <\/div>\n                    <\/div>\n                  <\/div>\n                  <div class=\"h-column h-column-container d-flex h-col-lg-auto h-col-md-auto h-col-auto style-519-outer style-local-120-c11-outer\">\n                    <div data-colibri-id=\"120-c11\" class=\"d-flex h-flex-basis h-column__inner h-px-lg-0 h-px-md-0 h-px-0 v-inner-lg-0 v-inner-md-0 v-inner-0 style-519 style-local-120-c11 position-relative\">\n                      <!---->\n                      <!---->\n                      <div class=\"w-100 h-y-container h-column__content h-column__v-align flex-basis-100 align-self-lg-center align-self-md-center align-self-center\">\n                        <!---->\n                        <div data-colibri-id=\"120-c12\" class=\"h-contact-form__outer--forminator style-520 style-local-120-c12 position-relative h-element\">\n                          <!---->\n                          <div class=\"h-global-transition-all h-global-transition h-global-transition-all h-contact-form-shortcode\"><div class=\"forminator-ui forminator-custom-form forminator-custom-form-131 forminator-design--default  forminator_ajax\" data-forminator-render=\"0\" data-form=\"forminator-module-131\" data-uid=\"69e15e01c19d5\"><br\/><\/div><form\n\t\t\t\tid=\"forminator-module-131\"\n\t\t\t\tclass=\"forminator-ui forminator-custom-form forminator-custom-form-131 forminator-design--default  forminator_ajax\"\n\t\t\t\tmethod=\"post\"\n\t\t\t\tdata-forminator-render=\"0\"\n\t\t\t\tdata-form-id=\"131\"\n\t\t\t\t\n\t\t\t\tdata-design=\"default\"\n\t\t\t\t\n\t\t\t\t\n\t\t\t\t\n\t\t\t\tdata-grid=\"open\"\n\t\t\t\t\n\t\t\t\t\n\t\t\t\tstyle=\"display: none;\"\n\t\t\t\t\n\t\t\t\tdata-uid=\"69e15e01c19d5\"\n\t\t\t><div role=\"alert\" aria-live=\"polite\" class=\"forminator-response-message forminator-error\" aria-hidden=\"true\"><\/div><div class=\"forminator-row\"><div id=\"name-1\" class=\"forminator-field-name forminator-col forminator-col-12 \"><div class=\"forminator-field\"><label for=\"forminator-field-name-1_69e15e01c19d5\" id=\"forminator-field-name-1_69e15e01c19d5-label\" class=\"forminator-label\">Nombre <span class=\"forminator-required\">*<\/span><\/label><input type=\"text\" name=\"name-1\" value=\"\" placeholder=\"Ejemplo: Juan\" id=\"forminator-field-name-1_69e15e01c19d5\" class=\"forminator-input forminator-name--field\" aria-required=\"true\" \/><\/div><\/div><\/div><div class=\"forminator-row\"><div id=\"email-1\" class=\"forminator-field-email forminator-col forminator-col-12 \"><div class=\"forminator-field\"><label for=\"forminator-field-email-1_69e15e01c19d5\" id=\"forminator-field-email-1_69e15e01c19d5-label\" class=\"forminator-label\">Correo electr\u00f3nico <span class=\"forminator-required\">*<\/span><\/label><input type=\"email\" name=\"email-1\" value=\"\" placeholder=\"Ej . : john@doe.com\" id=\"forminator-field-email-1_69e15e01c19d5\" class=\"forminator-input forminator-email--field\" data-required=\"true\" aria-required=\"true\" \/><\/div><\/div><\/div><div class=\"forminator-row\"><div id=\"phone-1\" class=\"forminator-field-phone forminator-col forminator-col-12 \"><div class=\"forminator-field\"><label for=\"forminator-field-phone-1_69e15e01c19d5\" id=\"forminator-field-phone-1_69e15e01c19d5-label\" class=\"forminator-label\">N\u00famero de tel\u00e9fono<\/label><input type=\"text\" name=\"phone-1\" value=\"\" placeholder=\"Ejemplo: +1 3004005000\" id=\"forminator-field-phone-1_69e15e01c19d5\" class=\"forminator-input forminator-field--phone\" data-required=\"\" aria-required=\"false\" autocomplete=\"off\" \/><\/div><\/div><\/div><div class=\"forminator-row\"><div id=\"textarea-1\" class=\"forminator-field-textarea forminator-col forminator-col-12 \"><div class=\"forminator-field\"><label for=\"forminator-field-textarea-1_69e15e01c19d5\" id=\"forminator-field-textarea-1_69e15e01c19d5-label\" class=\"forminator-label\">Mensaje<\/label><textarea name=\"textarea-1\" placeholder=\"Introduce tu mensaje...\" id=\"forminator-field-textarea-1_69e15e01c19d5\" class=\"forminator-textarea\" rows=\"6\" style=\"min-height:140px;\" maxlength=\"180\" ><\/textarea><span id=\"forminator-field-textarea-1_69e15e01c19d5-description\" class=\"forminator-description\"><span data-limit=\"180\" data-type=\"characters\" data-editor=\"\">0 \/ 180<\/span><\/span><\/div><\/div><\/div><input type=\"hidden\" name=\"referer_url\" value=\"\" \/><div class=\"forminator-row forminator-row-last\"><div class=\"forminator-col\"><div class=\"forminator-field\"><button class=\"forminator-button forminator-button-submit\">Enviar mensaje<\/button><\/div><\/div><\/div><input type=\"hidden\" id=\"forminator_nonce\" name=\"forminator_nonce\" value=\"2b4ac0a773\" \/><input type=\"hidden\" name=\"_wp_http_referer\" value=\"\/index.php?rest_route=%2Fwp%2Fv2%2Fpages%2F120\" \/><input type=\"hidden\" name=\"form_id\" value=\"131\"><input type=\"hidden\" name=\"page_id\" value=\"120\"><input type=\"hidden\" name=\"form_type\" value=\"default\"><input type=\"hidden\" name=\"current_url\" value=\"https:\/\/diverocio.es\/?page_id=120\"><input type=\"hidden\" name=\"render_id\" value=\"0\"><input type=\"hidden\" name=\"action\" value=\"forminator_submit_form_custom-forms\"><\/form><\/div>\n                        <\/div>\n                      <\/div>\n                    <\/div>\n                  <\/div>\n                <\/div>\n              <\/div>\n            <\/div>\n          <\/div>\n        <\/div>\n      <\/div>\n    <\/div>\n  <\/div>\n<\/div>\n<\/div>","protected":false},"excerpt":{"rendered":"<p>Contacto Fran Carrillo Segarra 686 784 352 contacto@diverocio.es Hern\u00e1n Cort\u00e9s, 28 23330 Villanueva Del Arzobispo (Ja\u00e9n)<\/p>\n","protected":false},"author":1,"featured_media":0,"parent":0,"menu_order":0,"comment_status":"closed","ping_status":"closed","template":"page-templates\/full-width-page.php","meta":{"footnotes":""},"class_list":["post-120","page","type-page","status-publish","hentry"],"yoast_head":"<!-- This site is optimized with the Yoast SEO plugin v24.9 - https:\/\/yoast.com\/wordpress\/plugins\/seo\/ -->\n<title>Contacto - diverocio<\/title>\n<meta name=\"robots\" content=\"index, follow, max-snippet:-1, max-image-preview:large, max-video-preview:-1\" \/>\n<link rel=\"canonical\" href=\"https:\/\/diverocio.es\/?page_id=120\" \/>\n<meta property=\"og:locale\" content=\"es_ES\" \/>\n<meta property=\"og:type\" content=\"article\" \/>\n<meta property=\"og:title\" content=\"Contacto - diverocio\" \/>\n<meta property=\"og:description\" content=\"Contacto Fran Carrillo Segarra 686 784 352 contacto@diverocio.es Hern\u00e1n Cort\u00e9s, 28 23330 Villanueva Del Arzobispo (Ja\u00e9n)\" \/>\n<meta property=\"og:url\" content=\"https:\/\/diverocio.es\/?page_id=120\" \/>\n<meta property=\"og:site_name\" content=\"diverocio\" \/>\n<meta property=\"article:publisher\" content=\"https:\/\/www.facebook.com\/Diverocio-107388785275294\" \/>\n<meta property=\"article:modified_time\" content=\"2022-03-13T11:07:34+00:00\" \/>\n<meta name=\"twitter:card\" content=\"summary_large_image\" \/>\n<script type=\"application\/ld+json\" class=\"yoast-schema-graph\">{\"@context\":\"https:\/\/schema.org\",\"@graph\":[{\"@type\":\"WebPage\",\"@id\":\"https:\/\/diverocio.es\/?page_id=120\",\"url\":\"https:\/\/diverocio.es\/?page_id=120\",\"name\":\"Contacto - diverocio\",\"isPartOf\":{\"@id\":\"https:\/\/diverocio.es\/#website\"},\"datePublished\":\"2022-03-13T10:49:38+00:00\",\"dateModified\":\"2022-03-13T11:07:34+00:00\",\"breadcrumb\":{\"@id\":\"https:\/\/diverocio.es\/?page_id=120#breadcrumb\"},\"inLanguage\":\"es\",\"potentialAction\":[{\"@type\":\"ReadAction\",\"target\":[\"https:\/\/diverocio.es\/?page_id=120\"]}]},{\"@type\":\"BreadcrumbList\",\"@id\":\"https:\/\/diverocio.es\/?page_id=120#breadcrumb\",\"itemListElement\":[{\"@type\":\"ListItem\",\"position\":1,\"name\":\"Portada\",\"item\":\"https:\/\/diverocio.es\/\"},{\"@type\":\"ListItem\",\"position\":2,\"name\":\"Contacto\"}]},{\"@type\":\"WebSite\",\"@id\":\"https:\/\/diverocio.es\/#website\",\"url\":\"https:\/\/diverocio.es\/\",\"name\":\"diverocio\",\"description\":\"Empresa de actividades de ocio y educaci\u00f3n\",\"publisher\":{\"@id\":\"https:\/\/diverocio.es\/#organization\"},\"potentialAction\":[{\"@type\":\"SearchAction\",\"target\":{\"@type\":\"EntryPoint\",\"urlTemplate\":\"https:\/\/diverocio.es\/?s={search_term_string}\"},\"query-input\":{\"@type\":\"PropertyValueSpecification\",\"valueRequired\":true,\"valueName\":\"search_term_string\"}}],\"inLanguage\":\"es\"},{\"@type\":\"Organization\",\"@id\":\"https:\/\/diverocio.es\/#organization\",\"name\":\"Diverocio\",\"url\":\"https:\/\/diverocio.es\/\",\"logo\":{\"@type\":\"ImageObject\",\"inLanguage\":\"es\",\"@id\":\"https:\/\/diverocio.es\/#\/schema\/logo\/image\/\",\"url\":\"http:\/\/diverocio.es\/wp-content\/uploads\/2022\/03\/cropped-diverocio.png\",\"contentUrl\":\"http:\/\/diverocio.es\/wp-content\/uploads\/2022\/03\/cropped-diverocio.png\",\"width\":2476,\"height\":2476,\"caption\":\"Diverocio\"},\"image\":{\"@id\":\"https:\/\/diverocio.es\/#\/schema\/logo\/image\/\"},\"sameAs\":[\"https:\/\/www.facebook.com\/Diverocio-107388785275294\"]}]}<\/script>\n<!-- \/ Yoast SEO plugin. -->","yoast_head_json":{"title":"Contacto - diverocio","robots":{"index":"index","follow":"follow","max-snippet":"max-snippet:-1","max-image-preview":"max-image-preview:large","max-video-preview":"max-video-preview:-1"},"canonical":"https:\/\/diverocio.es\/?page_id=120","og_locale":"es_ES","og_type":"article","og_title":"Contacto - diverocio","og_description":"Contacto Fran Carrillo Segarra 686 784 352 contacto@diverocio.es Hern\u00e1n Cort\u00e9s, 28 23330 Villanueva Del Arzobispo (Ja\u00e9n)","og_url":"https:\/\/diverocio.es\/?page_id=120","og_site_name":"diverocio","article_publisher":"https:\/\/www.facebook.com\/Diverocio-107388785275294","article_modified_time":"2022-03-13T11:07:34+00:00","twitter_card":"summary_large_image","schema":{"@context":"https:\/\/schema.org","@graph":[{"@type":"WebPage","@id":"https:\/\/diverocio.es\/?page_id=120","url":"https:\/\/diverocio.es\/?page_id=120","name":"Contacto - diverocio","isPartOf":{"@id":"https:\/\/diverocio.es\/#website"},"datePublished":"2022-03-13T10:49:38+00:00","dateModified":"2022-03-13T11:07:34+00:00","breadcrumb":{"@id":"https:\/\/diverocio.es\/?page_id=120#breadcrumb"},"inLanguage":"es","potentialAction":[{"@type":"ReadAction","target":["https:\/\/diverocio.es\/?page_id=120"]}]},{"@type":"BreadcrumbList","@id":"https:\/\/diverocio.es\/?page_id=120#breadcrumb","itemListElement":[{"@type":"ListItem","position":1,"name":"Portada","item":"https:\/\/diverocio.es\/"},{"@type":"ListItem","position":2,"name":"Contacto"}]},{"@type":"WebSite","@id":"https:\/\/diverocio.es\/#website","url":"https:\/\/diverocio.es\/","name":"diverocio","description":"Empresa de actividades de ocio y educaci\u00f3n","publisher":{"@id":"https:\/\/diverocio.es\/#organization"},"potentialAction":[{"@type":"SearchAction","target":{"@type":"EntryPoint","urlTemplate":"https:\/\/diverocio.es\/?s={search_term_string}"},"query-input":{"@type":"PropertyValueSpecification","valueRequired":true,"valueName":"search_term_string"}}],"inLanguage":"es"},{"@type":"Organization","@id":"https:\/\/diverocio.es\/#organization","name":"Diverocio","url":"https:\/\/diverocio.es\/","logo":{"@type":"ImageObject","inLanguage":"es","@id":"https:\/\/diverocio.es\/#\/schema\/logo\/image\/","url":"http:\/\/diverocio.es\/wp-content\/uploads\/2022\/03\/cropped-diverocio.png","contentUrl":"http:\/\/diverocio.es\/wp-content\/uploads\/2022\/03\/cropped-diverocio.png","width":2476,"height":2476,"caption":"Diverocio"},"image":{"@id":"https:\/\/diverocio.es\/#\/schema\/logo\/image\/"},"sameAs":["https:\/\/www.facebook.com\/Diverocio-107388785275294"]}]}},"jetpack-related-posts":[],"jetpack_sharing_enabled":true,"_links":{"self":[{"href":"https:\/\/diverocio.es\/index.php?rest_route=\/wp\/v2\/pages\/120","targetHints":{"allow":["GET"]}}],"collection":[{"href":"https:\/\/diverocio.es\/index.php?rest_route=\/wp\/v2\/pages"}],"about":[{"href":"https:\/\/diverocio.es\/index.php?rest_route=\/wp\/v2\/types\/page"}],"author":[{"embeddable":true,"href":"https:\/\/diverocio.es\/index.php?rest_route=\/wp\/v2\/users\/1"}],"replies":[{"embeddable":true,"href":"https:\/\/diverocio.es\/index.php?rest_route=%2Fwp%2Fv2%2Fcomments&post=120"}],"version-history":[{"count":3,"href":"https:\/\/diverocio.es\/index.php?rest_route=\/wp\/v2\/pages\/120\/revisions"}],"predecessor-version":[{"id":141,"href":"https:\/\/diverocio.es\/index.php?rest_route=\/wp\/v2\/pages\/120\/revisions\/141"}],"wp:attachment":[{"href":"https:\/\/diverocio.es\/index.php?rest_route=%2Fwp%2Fv2%2Fmedia&parent=120"}],"curies":[{"name":"wp","href":"https:\/\/api.w.org\/{rel}","templated":true}]}}